{"id":76,"date":"2026-01-22T16:30:24","date_gmt":"2026-01-22T15:30:24","guid":{"rendered":"https:\/\/itakipse.com\/?page_id=76"},"modified":"2026-02-23T18:54:34","modified_gmt":"2026-02-23T17:54:34","slug":"mon-parcours","status":"publish","type":"page","link":"https:\/\/itakipse.com\/?page_id=76","title":{"rendered":"Mon parcours"},"content":{"rendered":"\n<div class=\"wp-block-columns is-layout-flex wp-container-core-columns-is-layout-28f84493 wp-block-columns-is-layout-flex\">\n<div class=\"wp-block-column is-layout-flow wp-block-column-is-layout-flow\" style=\"flex-basis:35%\">\n<p class=\"wp-block-preformatted has-poppins-font-family\" style=\"text-align: justify;\"><em>Apr\u00e8s des \u00e9tudes sup\u00e9rieures en comptabilit\u00e9-finances et en droit des assurances, j&rsquo;ai pratiqu\u00e9 les assurances collectives en cabinet de courtage, durant 25 ans.<\/em><\/p>\n<p>&nbsp;<\/p>\n<p class=\"wp-block-preformatted has-poppins-font-family\" style=\"text-align: justify;\"><em>De la construction des r\u00e9gimes de protection sociale \u00e0 la r\u00e9daction des documents contractuels, j&rsquo;ai g\u00e9r\u00e9 des centaines de contrats Pr\u00e9voyance et Sant\u00e9, pour des entreprises de toutes tailles et de tous secteurs d&rsquo;activit\u00e9.<\/em><\/p>\n<\/div>\n\n\n\n<div class=\"wp-block-column is-layout-flow wp-block-column-is-layout-flow\" style=\"flex-basis:33.34%\">\n<figure class=\"wp-block-image size-full is-style-rounded\"><img loading=\"lazy\" decoding=\"async\" width=\"758\" height=\"835\" src=\"https:\/\/itakipse.com\/wp-content\/uploads\/2026\/01\/Essai_1.jpg\" alt=\"\" class=\"wp-image-78\" srcset=\"https:\/\/itakipse.com\/wp-content\/uploads\/2026\/01\/Essai_1.jpg 758w, https:\/\/itakipse.com\/wp-content\/uploads\/2026\/01\/Essai_1-272x300.jpg 272w\" sizes=\"auto, (max-width: 758px) 100vw, 758px\" \/><\/figure>\n<\/div>\n\n\n\n<div class=\"wp-block-column is-layout-flow wp-block-column-is-layout-flow\" style=\"flex-basis:35%\">\n<p style=\"text-align: justify;\"><em>J&rsquo;accompagne aujourd&rsquo;hui, les dirigeants, DRH et DAF, dans la mise en place, l&rsquo;audit et le pilotage de leurs r\u00e9gimes Sant\u00e9 et Pr\u00e9voyance, en leur offrant une approche\u00a0 personnalis\u00e9e et un regard ext\u00e9rieur objectif.<\/em><\/p>\n<hr \/>\n<p style=\"text-align: center;\">La mati\u00e8re est riche, parfois complexe.<\/p>\n<p style=\"text-align: center;\">C&rsquo;est pourquoi je suis <span style=\"background-color: #aac528;\"><strong>un v\u00e9ritable interpr\u00e8te neutre et ind\u00e9pendant.<\/strong><\/span><\/p>\n<hr \/>\n<p>\u00a0<\/p>\n<\/div>\n<\/div>\n","protected":false},"excerpt":{"rendered":"<p>Apr\u00e8s des \u00e9tudes sup\u00e9rieures en comptabilit\u00e9-finances et en droit des assurances, j&rsquo;ai pratiqu\u00e9 les assurances collectives en cabinet de courtage, durant 25 ans. &nbsp; De la construction des r\u00e9gimes de protection sociale \u00e0 la r\u00e9daction des documents contractuels, j&rsquo;ai g\u00e9r\u00e9 des centaines de contrats Pr\u00e9voyance et Sant\u00e9, pour des entreprises de toutes tailles et de [&hellip;]<\/p>\n","protected":false},"author":1,"featured_media":0,"parent":0,"menu_order":0,"comment_status":"closed","ping_status":"closed","template":"","meta":{"footnotes":""},"class_list":["post-76","page","type-page","status-publish","hentry"],"_links":{"self":[{"href":"https:\/\/itakipse.com\/index.php?rest_route=\/wp\/v2\/pages\/76","targetHints":{"allow":["GET"]}}],"collection":[{"href":"https:\/\/itakipse.com\/index.php?rest_route=\/wp\/v2\/pages"}],"about":[{"href":"https:\/\/itakipse.com\/index.php?rest_route=\/wp\/v2\/types\/page"}],"author":[{"embeddable":true,"href":"https:\/\/itakipse.com\/index.php?rest_route=\/wp\/v2\/users\/1"}],"replies":[{"embeddable":true,"href":"https:\/\/itakipse.com\/index.php?rest_route=%2Fwp%2Fv2%2Fcomments&post=76"}],"version-history":[{"count":20,"href":"https:\/\/itakipse.com\/index.php?rest_route=\/wp\/v2\/pages\/76\/revisions"}],"predecessor-version":[{"id":284,"href":"https:\/\/itakipse.com\/index.php?rest_route=\/wp\/v2\/pages\/76\/revisions\/284"}],"wp:attachment":[{"href":"https:\/\/itakipse.com\/index.php?rest_route=%2Fwp%2Fv2%2Fmedia&parent=76"}],"curies":[{"name":"wp","href":"https:\/\/api.w.org\/{rel}","templated":true}]}}